 What is the tens digit of z?
5
Suppose 5528 + 6880 = 6*u. What is the hundreds digit of u?
0
Let b(z) = 30*z - 2. Let r(t) = -119*t + 9. Let q(v) = -22*b(v) - 6*r(v). What is the tens digit of q(1)?
4
Let j(q) = -2*q**3 - 4*q**2 + 0*q**3 - q + 3*q**3. Let n be j(2). What is the units digit of (-74)/n + 2/(-5)?
7
Suppose 0 = 2*v - 132*v + 88010. What is the hundreds digit of v?
6
Let t = -677 - -143. What is the tens digit of 1 + t/(-33) + (-4)/22?
1
Let w(y) = -y + 10. Let j be w(-7). Suppose 3*t - j = -2*r - 2, -3*r = 3*t - 15. What is the units digit of (-1)/(r + 2 + -3)?
1
Let b(v) = 16*v - 16. Suppose 3*q + 15 = 0, -6 - 10 = -4*w - 4*q. What is the hundreds digit of b(w)?
1
Let a = 9 + 1. Suppose -a = -3*m + 92. What is the tens digit of m?
3
Let g(u) = u**3 + 8*u**2 + 1. Let p be g(-8). Suppose p = v + 4. What is the units digit of (-161)/(-3) + (-1)/v?
4
Let h = 7254 + -5138. What is the thousands digit of h?
2
Suppose 0 = 4*u - 5*c - 6092, -4*c = -0*u - 4*u + 6088. What is the tens digit of u?
1
Let x(j) = -3*j**2 - 5*j + 3. Let t be x(-4). Let h = t - -19. What is the units digit of (3 - -28)/(h/(-12))?
2
Let m = -98 + 229. Let r = m + -5. What is the units digit of r?
6
Suppose -9 - 16 = -5*y. Suppose -y*b - 36 + 156 = 0. What is the tens digit of b?
2
Let q(w) = 178*w**2 - 2*w + 3. Let p be q(1). Suppose -p = -2*h - 5*x, 2*h - 159 = x - 2*x. What is the units digit of h?
7
Let f = -541 + 819. What is the hundreds digit of f?
2
Let r = 0 + 1369. What is the tens digit of r?
6
Let t(x) = 3*x**3 - 4*x**2 + 3*x - 1. Let v(b) = 2*b**2 - 2*b + 2. Let j be v(1). What is the units digit of t(j)?
3
Let w(a) = -a**2 + 12*a + 3. Let c be w(12). Suppose 0 = c*i - 3 - 48. What is the units digit of i?
7
Suppose 5*g - 1655 = -5*a, 4*a + 2*g - 1328 = -3*g. What is the hundreds digit of a?
3
Let c be (160/6)/(-4)*684/(-30). Suppose -3*f + c = -40. What is the units digit of f?
4
Let y(b) = 102*b**3 - 3*b**2 + 3*b + 12. What is the hundreds digit of y(3)?
7
Let i(h) = h**3 + 4*h**2 - 2. Suppose 0 = -5*n + 2*n + 9. What is the units digit of i(n)?
1
Let g be 0/(-1 - (1 + -3)). Suppose -2*d + 43 = -47. Suppose -6*l + d + 189 = g. What is the tens digit of l?
3
Let a = -16 + 17. Let l be 94/(4 + (-2)/a). Let u = l + -30. What is the tens digit of u?
1
Let d(h) = h**3 + 5*h**2 - h - 5. Let y be d(-5). Suppose 4*f = 4*r - 32, -10 = r - y*r + 5*f. Suppose 0 = -r*i + 65 + 45. What is the tens digit of i?
2
Let d(t) = -t**3 - 2*t**2 + 7*t - 4. Let b be d(4). Let k be (-1)/(2/b) - -2. Let g = k - 17. What is the units digit of g?
1
Suppose 4*g = -23 - 389. Let y = 193 + g. What is the units digit of y?
0
Let f be 12/(-54) - (-140)/(-18). Let m = -5 - f. Suppose 2*q + 29 = m*q. What is the units digit of q?
9
Let s = -13 - -16. Let a be (s/(-1))/(9/(-354)). What is the tens digit of a/8 - 4/(-16)?
1
Suppose -x + 8 = 3*x. What is the units digit of -6*-26*x/24?
3
Let o be -2 + 5 - 508/(-2). Suppose 3*x + h = -192, 3*x + x + h = -o. Let q = x + 91. What is the tens digit of q?
2
Let t(n) = 3*n**2 + 3*n + 9. Let m(v) = -v**2 + 9*v + 6. Let y be m(10). What is the units digit of t(y)?
5
Let y = 3610 + -2485. What is the thousands digit of y?
1
Suppose -o - 52 = -6*o + 2*q, -3*o + 32 = -2*q. Let k = 15 - o. Suppose z + k*y = 39, -4*y - 78 = -2*z - 0*y. What is the units digit of z?
9
Let o(x) = -19*x + 21. Let j be o(-9). What is the units digit of 426*(16/j - (-1)/4)?
2
Let s = 26 - 44. Let a be s/(-4)*(-8)/(-12). Let n = a - -17. What is the tens digit of n?
2
Let w = 5 + 31. Suppose -4*z = -0*z - 3*s - 220, -4*s = -z + 68. Let i = z - w. What is the units digit of i?
6
Let u be 1/(-1*1/2). Let x = u - -5. Suppose -x*j + 14 + 52 = 0. What is the tens digit of j?
2
Let j(f) = 7 - 1 - 2 - f - 2. Let k be j(-3). Suppose -v + 52 = m - 5*v, 4*m + k*v - 103 = 0. What is the tens digit of m?
3
Let w be (2 - (-1 - 0)) + 5. Let j(l) = 3*l - 22. Let h be j(w). Let k = 36 - h. What is the tens digit of k?
3
Let x(a) = -59*a**3 + 2*a + 7. What is the units digit of x(-2)?
5
Suppose q - 7*q + 18 = 0. Let m be q/(-3) - 2*-9. Let r = 94 - m. What is the tens digit of r?
7
Let r(i) = 2*i + 12. Let t(f) = -2*f - 6. Let z be t(-5). Suppose -v + z = -2. What is the units digit of r(v)?
4
Let h(i) = i**2 + 1. Let n(r) = 5*r**2 + 5*r + 9. Let w(v) = -3*h(v) + n(v). Suppose -3 = -5*z - 23. What is the units digit of w(z)?
8
What is the tens digit of ((-187408)/24)/(-13) - 1/(-3)?
0
Let u(m) = m + 10. Let n be u(-8). Suppose 4*p - 7*t - 55 = -n*t, -2*p + 4*t = -20. Suppose -5*f = h - p + 1, 4*h = -3*f + 93. What is the units digit of h?
4
Let w = 1985 + -923. What is the tens digit of w?
6
What is the tens digit of (-2 + 3)/((-4)/(-1372))?
4
Let c = 406 + -290. Let z(m) = -m**3 - 3*m**2 + 4*m + 3. Let v be z(-4). What is the units digit of (v/2)/(3/c)?
8
Suppose 3*f = 5*s - 4029, 61*s - 2411 = 58*s + 5*f. What is the hundreds digit of s?
8
Let q(x) = 22*x + 2*x - 7*x - 25 + 2. What is the tens digit of q(6)?
7
Let c(n) = 14*n**2 + 12*n - 101. What is the tens digit of c(6)?
7
Let v(g) = 6*g**2. Let s(d) = d**2 - 11*d - 14. Let i be s(11). Let b = -12 - i. What is the units digit of v(b)?
4
Let h(s) = -93*s - 112. What is the tens digit of h(-6)?
4
Let y = -596 + 1229. What is the units digit of y?
3
Let b(v) = 2*v**2 + 6*v + 10. Let g be b(9). Suppose 5*t - n = -2*n - g, 104 = -2*t + 3*n. Let h = 65 + t. What is the units digit of h?
9
Suppose 15 = 3*f - 9. Let v(k) be the second derivative of -k**5/20 + 2*k**4/3 + k**3/6 + 7*k**2/2 - k. What is the tens digit of v(f)?
1
Let g(q) = -q**2 - 8*q + 9. Let w be g(-9). Let f = 2 - w. Suppose 0 = f*k + 4*l - l - 7, -4*l + 1 = k. What is the units digit of k?
5
Suppose p + 3*z - 19 = 0, 2*p - z + 2*z = 13. Suppose 0*u + 180 = p*u. What is the units digit of u?
5
Suppose -17*m = -0*m - 9095. What is the tens digit of m?
3
Suppose 3*r + 13641 = 5*g, -3642 = -2*g + 4*r + 1820. What is the hundreds digit of g?
7
Let q(m) = -m**2 - 1. Let v = 30 + -30. Let c be q(v). What is the units digit of c/6 + 3913/78?
0
Let u be 2/(-5)*(-656 + 6). Suppose -4*k - u = -4*r, -2*k = 2*k + 5*r + 278. Let t = 113 + k. What is the units digit of t?
6
Let s be (-6)/((3 - 6) + 4). Let k = -7 - s. What is the units digit of 50 - (3 - (k + 4))?
0
Suppose 0 = -0*t + 3*t - 147. Suppose 3*z = 2*z + t. What is the units digit of z?
9
Let d be 0 - 1*1/(-1). Suppose a + 5*y + 3 = -d, -3*a - 12 = y. Let x = 0 - a. What is the units digit of x?
4
Let m = -599 - -1042. What is the units digit of m?
3
Let p be 1/(-3) - (-301)/21. Let f be (-21)/p*10/(-3). Let y(r) = r**3 - 2*r**2 - 9*r + 12. What is the tens digit of y(f)?
4
Let q(k) = k**2 - 6*k - 5. Let b be q(7). What is the tens digit of 6*(b + (-15)/(-18))?
1
Let f(d) = d**3 + 4*d**2 - 2. Suppose 2*w + 2*s + 10 = 0, 3*w - s = 8*w + 9. What is the units digit of f(w)?
1
Suppose 6*p - 36 = 2*p. Let f be 2/p - (-102)/27. Suppose f*d + g - 33 = 0, -3*d + 2*g + 22 = -0*g. What is the units digit of d?
8
Let w = -30 + 31. Suppose -t = -3 + w, -4*c + 220 = 4*t. What is the units digit of c?
3
Suppose 12*j = 8*j + 12. Suppose j*v - 315 = 186. What is the tens digit of v?
6
Suppose -5*l + 707 + 5539 = 3*f, 0 = l - 4*f - 1263. What is the hundreds digit of l?
2
Suppose -176 = -5*y + 3*k, 0 = 6*y - 2*y - 3*k - 142. Suppose 196 = 3*h + y. What is the units digit of h?
4
Suppose 0 = -y + 2*y - 5*w + 9, 0 = -2*w. Let r(c) = -6*c - 9. What is the units digit of r(y)?
5
Let v be 0 + (-1 + 2 - -1). Let j(m) = 9 + 8*m**2 + 12*m + 2*m**3 - 5*m**3 + v*m**3. What is the tens digit of j(9)?
3
Let m be (-2)/2*-2 - (2 + -18). Let t = m - 15. What is the units digit of t?
3
Let z = -27 - -182. Suppose 40 - z = -s. Suppose 4*i = 0, -5*g + 120 = -i - s. What is the units digit of g?
7
Let z(j) = 2*j**2 - 9*j - 2. Let m be z(5). Suppose 0 = -m*o + 302 + 19. Let n = o - 67. What is the units digit of n?
0
Let k be -3 + ((-5)/(-25) - (-22)/(-10)). What is the tens digit of (-1 - -2) + (41 - (k + 11))?
3
Let s(w) = w**3 + 7*w**2 - 6*w + 7. Let d be (9 + (-6 - -2))/(-1). Let t be s(d). Suppose 3*n = -i + 19, -i + 4*i + 3*n - t = 0. What is the units digit of i?
4
Suppose -8*u = -1461 - 1571. What is the units digit of u?
9
Suppose -3*t + 3 = 0, 8*f